?
False
Is 2234033 a prime number?
True
Is 20175719 composite?
True
Is 353603 a prime number?
True
Is 611730069 a prime number?
False
Is 193498157 composite?
False
Is 14078627 composite?
False
Is 91056751 a composite number?
True
Is 625409 a composite number?
False
Is 2892881 prime?
True
Is 1497407 a prime number?
True
Is 291163 prime?
False
Is 3577019 composite?
False
Is 55330237 a prime number?
True
Is 17197993 a prime number?
True
Is 89728637 prime?
False
Is 9528521 a composite number?
False
Is 945505129 a composite number?
True
Is 17707 prime?
True
Is 48470843 composite?
True
Is 3073219 a composite number?
True
Is 13129637 composite?
True
Is 26622226 prime?
False
Is 1421341 a prime number?
False
Is 34197571 a composite number?
False
Is 29361737 a composite number?
True
Is 5679511 composite?
False
Is 17191957 prime?
True
Is 4622323 a prime number?
True
Is 4644527 prime?
True
Is 2022583 a composite number?
False
Is 23124317 a prime number?
False
Is 618547 prime?
True
Is 8116993 composite?
False
Is 638749 prime?
False
Is 331349 a composite number?
False
Is 749543 composite?
False
Is 25222669 composite?
False
Is 73762877 prime?
True
Is 261231121 a prime number?
False
Is 21095141 a prime number?
True
Is 29629 a composite number?
False
Is 3744329 a composite number?
False
Is 93307 composite?
False
Is 39111955 a prime number?
False
Is 300061 a composite number?
True
Is 18880949 a composite number?
False
Is 23906621 prime?
True
Is 246566327 a prime number?
False
Is 18493253 a prime number?
True
Is 67778859 a prime number?
False
Is 14892133 a prime number?
True
Is 4387191 prime?
False
Is 7635377 composite?
False
Is 38298353 a composite number?
True
Is 88177139 a composite number?
True
Is 10395811 a composite number?
False
Is 51015277 a composite number?
True
Is 2430242 prime?
False
Is 14532437 prime?
True
Is 2224699 prime?
False
Is 860857 a composite number?
True
Is 4020241 a prime number?
False
Is 991313 a prime number?
True
Is 671182 a composite number?
True
Is 3704339 composite?
True
Is 401273209 composite?
False
Is 42707339 a composite number?
False
Is 42763717 prime?
False
Is 49912285 composite?
True
Is 2209901 composite?
False
Is 71607369 a composite number?
True
Is 19433927 composite?
False
Is 902107 composite?
True
Is 177826901 prime?
False
Is 56993 composite?
False
Is 3658649 composite?
True
Is 2430047 composite?
False
Is 2790127 prime?
False
Is 358735477 a composite number?
True
Is 19005067 composite?
True
Is 18011078 composite?
True
Is 972330523 a prime number?
True
Is 915015943 composite?
False
Is 452366191 a composite number?
True
Is 32138758 prime?
False
Is 517603 a prime number?
True
Is 59920333 a composite number?
True
Is 11345795 a composite number?
True
Is 31588399 a composite number?
False
Is 17165069 composite?
True
Is 754237 a prime number?
False
Is 33080911 a prime number?
False
Is 155321879 composite?
True
Is 103773643 composite?
False
Is 35679143 a composite number?
True
Is 7975711 prime?
False
Is 76878557 a composite number?
True
Is 4341809 a composite number?
True
Is 11048461 a composite number?
True
Is 1553370337 a prime number?
True
Is 23855297 prime?
True
Is 4474091 a prime number?
False
Is 86902 composite?
True
Is 83801167 a prime number?
False
Is 11062549 composite?
True
Is 33095989 composite?
True
Is 6214981 a prime number?
True
Is 123649 a prime number?
False
Is 2252837 a composite number?
True
Is 7651739 a prime number?
True
Is 21708601 a prime number?
True
Is 132346493 a composite number?
False
Is 77311141 a composite number?
True
Is 116933221 prime?
False
Is 8498899 a prime number?
False
Is 413634557 a composite number?
True
Is 667417 composite?
False
Is 58733513 a prime number?
False
Is 136395307 composite?
False
Is 139608697 composite?
True
Is 5183591 composite?
True
Is 176706591 a composite number?
True
Is 2789987 a composite number?
True
Is 17844811 composite?
False
Is 67221059 a composite number?
False
Is 150305443 prime?
True
Is 91507943 prime?
True
Is 8094017 composite?
False
Is 12168223 composite?
False
Is 11910313 prime?
False
Is 8834293 composite?
True
Is 151756771 composite?
False
Is 76117411 prime?
False
Is 373599221 prime?
True
Is 2302574 prime?
False
Is 1174031 a composite number?
False
Is 19695139 composite?
False
Is 36184309 a prime number?
False
Is 73764209 composite?
True
Is 8665703 a composite number?
False
Is 4078849 a composite number?
True
Is 989167 a prime number?
False
Is 3817846 prime?
False
Is 6663779 prime?
False
Is 5061919 prime?
True
Is 1275269 a prime number?
True
Is 631987 composite?
False
Is 35638951 composite?
True
Is 1769951 a composite number?
True
Is 75207053 a prime number?
False
Is 38772751 a composite number?
False
Is 301412147 a composite number?
True
Is 7737167 a composite number?
False
Is 20629753 a prime number?
False
Is 9948403 a prime number?
False
Is 267026581 a prime number?
True
Is 2630077 a composite number?
False
Is 3219441 prime?
False
Is 84347729 composite?
False
Is 397865717 composite?
True
Is 12351427 prime?
False
Is 38026181 composite?
True
Is 590533 prime?
False
Is 311505757 prime?
False
Is 2315081 prime?
True
Is 147429979 a composite number?
False
Is 804963721 a prime number?
False
Is 34618301 a prime number?
True
Is 4050689 a prime number?
False
Is 3124631 prime?
True
Is 53594031 prime?
False
Is 70944457 a composite number?
True
Is 560393 prime?
True
Is 14859566 a composite number?
True
Is 7280389 a composite number?
False
Is 4186079 prime?
True
Is 2970701 prime?
True
Is 15802249 prime?
True
Is 425779 prime?
True
Is 399019867 a prime number?
True
Is 196789633 prime?
False
Is 1184051 prime?
False
Is 510187 composite?
True
Is 53298469 composite?
True
Is 154391693 prime?
False
Is 1215047 composite?
False
Is 82215769 composite?
False
Is 387721 a prime number?
True
Is 331774361 a prime number?
False
Is 6723533 a composite number?
False
Is 110137831 a composite number?
False
Is 62445235 a composite number?
True
Is 41602991 composite?
True
Is 296053879 a prime number?
False
Is 22893317 prime?
True
Is 7897193 prime?
False
Is 61138901 a prime number?
True
Is 19205905 prime?
False
Is 3044038 composite?
True
Is 39412645 prime?
False
Is 1707301 a composite number?
False
Is 183611 composite?
False
Is 618502811 composite?
False
Is 5693087 prime?
False
Is 164675773 a composite number?
True
Is 1027969 composite?
False
Is 44449357 a prime number?
False
Is 140616467 prime?
False
Is 24548129 prime?
True
Is 198597943 a composite number?
True
Is 54270563 prime?
False
Is 123559 a prime number?
False
Is 1255646191 a prime number?
True
Is 9127801 prime?
False
Is 11273917 prime?
False
Is 1297607 composite?
False
Is 319587757 a composite number?
False
Is 12880909 prime?
False
Is 1413697 a composite number?
True
Is 10858103 prime?
True
Is 25134827 composite?
False
Is 75801029 a composite number?
False
Is 5160037 a prime number?
True
Is 123947489 composite?
False
Is 8106751 a composite number?
False
Is 2350742 composite?
True
Is 9047639 prime?
True
Is 201686231 prime?
True
Is 165354571 a prime number?
False
Is 5149337 prime?
True
Is 5486381 prime?
True
Is 348191 composite?
False
Is 77695073 a composite number?
True
Is 3436049 a composite number?
False
Is 67183719 composite?
True
Is 33167734 a composite number?
True
Is 4641557 prime?
True
Is 66538081 composite?
True
Is 4048049 prime?
False
Is 45036149 prime?
False
Is 2116757 composite?
False
Is 294352189 a prime number?
True
Is 3568531 a composite number?
True
Is 32614831 a composite number?
False
Is 11485783 a prime number?
False
Is 10642691 a prime number?
True
Is 13977533 a prime number?
True
Is 11970251 prime?
False
Is 9228881 composite?
False
Is 4941263 prime?
True
Is 1257037 composite?
True
Is 4494793 composite?
False
Is 8950129 composite?
False
Is 22653005 composite?
True
Is 754241 a prime number?
True
Is 3417077 a prime number?
True
Is 38796463 prime?
False
Is 78634777 a prime number?
False
Is 77517151 a composite number?
True
Is 45646697 a composite number?
True
Is 5041657 prime?
False
Is 163039139 a prime number?
True
Is 353571446 composite?
True
Is 14511521 a prime number?
False
Is 40262537 composite?
True
Is 7588591 a composite number?
False
Is 20659861 a composite number?
True
Is 18592459 composite?
False
Is 2634109 